vided by 71.
32
What is the remainder when 524 is divided by 175?
174
What is the remainder when 513 is divided by 12?
9
Calculate the remainder when 18 is divided by 6.
0
What is the remainder when 182 is divided by 47?
41
What is the remainder when 1973 is divided by 247?
244
Calculate the remainder when 361 is divided by 92.
85
Calculate the remainder when 5325 is divided by 18.
15
What is the remainder when 191 is divided by 108?
83
Calculate the remainder when 130 is divided by 38.
16
Calculate the remainder when 1067 is divided by 43.
35
What is the remainder when 63 is divided by 11?
8
What is the remainder when 47 is divided by 6?
5
Calculate the remainder when 5116 is divided by 80.
76
Calculate the remainder when 56 is divided by 10.
6
Calculate the remainder when 1743 is divided by 80.
63
Calculate the remainder when 10019 is divided by 10.
9
What is the remainder when 77 is divided by 74?
3
Calculate the remainder when 152 is divided by 147.
5
What is the remainder when 306 is divided by 153?
0
What is the remainder when 135 is divided by 110?
25
What is the remainder when 9320 is divided by 158?
156
What is the remainder when 1942 is divided by 968?
6
What is the remainder when 817 is divided by 134?
13
Calculate the remainder when 396 is divided by 29.
19
Calculate the remainder when 1577 is divided by 132.
125
Calculate the remainder when 560 is divided by 538.
22
What is the remainder when 15 is divided by 14?
1
What is the remainder when 739 is divided by 195?
154
What is the remainder when 224 is divided by 45?
44
Calculate the remainder when 860 is divided by 113.
69
Calculate the remainder when 5303 is divided by 34.
33
What is the remainder when 536 is divided by 32?
24
Calculate the remainder when 481 is divided by 96.
1
What is the remainder when 1361 is divided by 6?
5
What is the remainder when 542 is divided by 109?
106
Calculate the remainder when 158 is divided by 77.
4
What is the remainder when 122 is divided by 64?
58
Calculate the remainder when 50 is divided by 28.
22
Calculate the remainder when 4184 is divided by 18.
8
Calculate the remainder when 48 is divided by 11.
4
What is the remainder when 1233 is divided by 203?
15
What is the remainder when 6310 is divided by 15?
10
What is the remainder when 124 is divided by 21?
19
Calculate the remainder when 1272 is divided by 11.
7
What is the remainder when 246 is divided by 35?
1
What is the remainder when 690 is divided by 28?
18
Calculate the remainder when 256 is divided by 94.
68
Calculate the remainder when 774 is divided by 12.
6
Calculate the remainder when 780 is divided by 378.
24
What is the remainder when 1907 is divided by 106?
105
Calculate the remainder when 73 is divided by 31.
11
What is the remainder when 1361 is divided by 20?
1
What is the remainder when 994 is divided by 77?
70
Calculate the remainder when 321 is divided by 30.
21
What is the remainder when 111 is divided by 106?
5
What is the remainder when 79 is divided by 15?
4
What is the remainder when 361 is divided by 74?
65
Calculate the remainder when 58 is divided by 13.
6
What is the remainder when 3549 is divided by 10?
9
Calculate the remainder when 55 is divided by 14.
13
What is the remainder when 172 is divided by 44?
40
Calculate the remainder when 92 is divided by 25.
17
Calculate the remainder when 279 is divided by 40.
39
Calculate the remainder when 440 is divided by 74.
70
What is the remainder when 114 is divided by 7?
2
What is the remainder when 87 is divided by 13?
9
Calculate the remainder when 128 is divided by 33.
29
What is the remainder when 170 is divided by 78?
14
What is the remainder when 15 is divided by 13?
2
Calculate the remainder when 404 is divided by 51.
47
Calculate the remainder when 99 is divided by 10.
9
What is the remainder when 162 is divided by 3?
0
Calculate the remainder when 1648 is divided by 54.
28
What is the remainder when 448 is divided by 212?
24
Calculate the remainder when 137 is divided by 36.
29
What is the remainder when 170 is divided by 56?
2
Calculate the remainder when 52 is divided by 17.
1
Calculate the remainder when 270 is divided by 136.
134
Calculate the remainder when 413 is divided by 117.
62
Calculate the remainder when 329 is divided by 66.
65
What is the remainder when 93 is divided by 17?
8
What is the remainder when 986 is divided by 74?
24
What is the remainder when 803 is divided by 5?
3
What is the remainder when 281 is divided by 96?
89
Calculate the remainder when 68 is divided by 23.
22
Calculate the remainder when 47 is divided by 15.
2
What is the remainder when 10788 is divided by 13?
11
Calculate the remainder when 1115 is divided by 43.
40
What is the remainder when 87 is divided by 29?
0
What is the remainder when 90 is divided by 76?
14
What is the remainder when 77 is divided by 12?
5
What is the remainder when 125 is divided by 56?
13
Calculate the remainder when 1206 is divided by 589.
28
Calculate the remainder when 57 is divided by 27.
3
Calculate the remainder when 247 is divided by 107.
33
Calculate the remainder when 239 is divided by 16.
15
Calculate the remainder when 430 is divided by 195.
40
What is the remainder when 278 is divided by 56?
54
What is the remainder when 140 is divided by 13?
10
What is the remainder when 111 is divided by 94?
17
Calculate the remainder when 77 is divided by 73.
4
Calculate the remainder when 1629 is divided by 86.
81
Calculate the remainder when 1580 is divided by 525.
5
Calculate the remainder when 347 is divided by 106.
29
Calculate the remainder when 14 is divided by 3.
2
Calculate the remainder when 6 is divided by 2.
0
Calculate the remainder when 140 is divided by 36.
32
What is the remainder when 190 is divided by 32?
30
What is the remainder when 276 is divided by 252?
24
What is the remainder when 175 is divided by 43?
3
Calculate the remainder when 266 is divided by 16.
10
What is the remainder when 220 is divided by 16?
12
Calculate the remainder when 250 is divided by 73.
31
What is the remainder when 296 is divided by 24?
8
Calculate the remainder when 6883 is divided by 15.
13
Calculate the remainder when 1260 is divided by 320.
300
Calculate the remainder when 3476 is divided by 74.
72
What is the remainder when 227 is divided by 17?
6
What is the remainder when 894 is divided by 226?
216
What is the remainder when 70 is divided by 15?
10
What is the remainder when 468 is divided by 41?
17
What is the remainder when 92 is divided by 55?
37
What is the remainder when 1917 is divided by 6?
3
Calculate the remainder when 4927 is divided by 5.
2
What is the remainder when 6395 is divided by 80?
75
Calculate the remainder when 4169 is divided by 139.
138
Calculate the remainder when 37 is divided by 12.
1
What is the remainder when 200 is divided by 17?
13
Calculate the remainder when 225 is divided by 21.
15
What is the remainder when 15663 is divided by 21?
18
Calculate the remainder when 239 is divided by 43.
24
Calculate the remainder when 19039 is divided by 280.
279
Calculate the remainder when 107 is divided by 89.
18
Calculate the remainder when 159 is divided by 74.
11
What is the remainder when 425 is divided by 151?
123
What is the remainder when 140 is divided by 43?
11
Calculate the remainder when 406 is divided by 389.
17
What is the remainder when 2975 is divided by 62?
61
Calculate the remainder when 539 is divided by 46.
33
What is the remainder when 1516 is divided by 150?
16
Calculate the remainder when 292 is divided by 152.
140
What is the remainder when 9 is divided by 2?
1
Calculate the remainder when 31588 is divided by 90.
88
What is the remainder when 596 is divided by 5?
1
What is the remainder when 106 is divided by 42?
22
What is the remainder when 185 is divided by 62?
61
Calculate the remainder when 147 is divided by 79.
68
What is the remainder when 66 is divided by 35?
31
What is the remainder when 126 is divided by 30?
6
Calculate the remainder when 1068 is divided by 5.
3
Calculate the remainder when 77 is divided by 26.
25
Calculate the remainder when 622 is divided by 104.
102
Calculate the remainder when 40 is divided by 28.
12
Calculate the remainder when 171 is divided by 44.
39
Calculate the remaind